- 1) + 18 + 5?
20
Suppose -2*o - 5*t = -298, 149 = -5*o + 6*o - 4*t. Let f = 193 - o. What is the remainder when f is divided by 23?
21
Suppose -3*w + 183 = 3*c, 5*c - 265 = 5*w - 2*w. Let y(u) = u**2 - 12*u + 2. What is the remainder when y(-8) is divided by c?
50
Suppose 0*a = -4*a + 140. Suppose 0 = -2*d - 3*d + 15, -4*h = 3*d + 235. Let g = -43 - h. What is the remainder when a is divided by g?
17
Let h(p) = -p**3 - p**2 - p - 1. Suppose 4*m - 1 = -3*a, 3*m + 4*a - 5 - 1 = 0. What is the remainder when 5/(12467/(-4384) + 4 + -1) is divided by h(m)?
2
Suppose 2930*y - 7898 = 2908*y. What is the remainder when y is divided by 15?
14
Suppose 1274 = -153*x + 32*x + 12285. What is the remainder when x is divided by 22?
3
Let g be (-1)/(-5) + -4*(-1576)/80. Suppose 2*x + l + 61 = x, -x = -5*l + g. Let a = -59 - x. Calculate the remainder when 11 is divided by a.
1
Let p = 45 + -42. Suppose -4*o - 3*y = -13, -2*o + p*y + 7 = -o. Suppose 0 = o*f + 2*j + j - 52, 3*j = 5*f - 65. Calculate the remainder when f is divided by 5.
3
Let y(d) = 212*d**2 - d + 5. What is the remainder when y(1) is divided by 22?
18
Let t be 27/(-6)*(-6)/9. Suppose 9*u + 6 = -t. Let z(v) = 68*v**2 + 1. Calculate the remainder when z(u) is divided by 15.
9
Suppose -4*l + 46 = u - 68, 5*u = 4*l - 150. Calculate the remainder when 911 is divided by l.
11
Let p = -172 - -333. Let f = p - 80. Suppose -3*q - 3*n + 33 = 0, -28 + 12 = -2*q - 4*n. Calculate the remainder when f is divided by q.
11
Let i = 75 - 80. What is the remainder when ((-80)/12)/i*(-135)/(-6) is divided by 16?
14
Suppose 4*h - 2*i + 6 = 24, 4*h - 53 = -5*i. Suppose -2*n = 2*n - 4. What is the remainder when (-1)/(3/(-42))*n is divided by h?
0
Let o(n) = -n**2 - 3*n + 77. Let u be o(7). Suppose -s + u*j = 4*j - 16, -38 = -2*s + 3*j. What is the remainder when 171 is divided by s?
17
Calculate the remainder when 14 + (-66)/(-18)*-3 - -209 is divided by 103.
6
Let y(q) = 2*q**2 - 23. Let c be y(-4). Suppose -k + 33 = -3*u, 5*u - c - 38 = -4*k. Let d(h) = 5*h - 80. What is the remainder when 78 is divided by d(k)?
8
Let y(o) = 5*o**2 + 13*o - 13. Let r be y(1). Suppose 3*v - r*j = 145 - 32, 2*j = v - 37. Calculate the remainder when v is divided by 4.
1
Let k(l) = l**2 - 4. Let m = -74 - -80. What is the remainder when 117 is divided by k(m)?
21
Suppose 0 = -4*a + 84 + 1196. Calculate the remainder when 119 is divided by (6 - a/56) + (-54)/(-7).
7
Let n(v) = 64*v - 107. Let t be n(8). Let h = t + -163. Calculate the remainder when h is divided by 41.
37
Suppose 60*f + 238 = -5*f + 4463. What is the remainder when 335 is divided by f?
10
Let t(g) = -93*g + 131. Let s be t(-6). Suppose -4*o + s + 440 = -h, -3*h - 3 = 0. Calculate the remainder when o is divided by 26.
22
Let k = 21 - 17. Suppose 4*f - 8 = 0, -g + 8*f = k*f - 68. What is the remainder when g is divided by 21?
13
Let x = -1067 + 335. Calculate the remainder when 4/4 - x/12 is divided by 25.
12
Let x(z) = -920*z - 3603. Calculate the remainder when x(-9) is divided by 72.
69
Let v(p) = 112*p - 86. Let m be v(5). Suppose 5*h + m = 11*h. Calculate the remainder when 150 is divided by h.
71
Suppose -27*j = -17*j - 217 - 143. Let r(a) = 2 - 2*a + 3 - 2. What is the remainder when j is divided by r(-5)?
10
Let t = -16 - -58. Let y = t - 42. Suppose -l = -y*r - 2*r - 10, 5*l - 62 = -2*r. Calculate the remainder when 21 is divided by l.
9
Let i be -2*(-6)/21*7. Suppose v = 3*v + 4*l - 204, 4*v = -5*l + 405. What is the remainder when v is divided by 214/8 - (-1)/i?
19
Suppose -2*d - 5 = 3*d. What is the remainder when -19*(-1 + d - -1) is divided by -3 + -3 - (-3 + -15)?
7
What is the remainder when (-1 - 381)/((-428)/214) is divided by 88?
15
Let p = -7007 + 7063. Let w be (1*-3)/(-3)*8. Let a = 11 + w. Calculate the remainder when p is divided by a.
18
Let g(t) = 29*t - 114. Let z be g(4). Suppose -5*k + z - 57 = -3*w, -k - 62 = -4*w. Calculate the remainder when ((-206)/(-1 + -1))/1 is divided by w.
13
Let m(n) = 157*n**2 - 55*n + 107. What is the remainder when m(2) is divided by 90?
85
Calculate the remainder when 152/((-15)/(-2160)*6) is divided by 364.
8
Suppose 5*o - 49 - 1 = 0. Let x = -6 + o. Suppose -310 = -4*z - q, -6*z + 4*z - x*q = -148. Calculate the remainder when z is divided by 20.
18
Let f be 5270/(-50) - (-6)/(-10). Let t = f - -113. Calculate the remainder when 41 is divided by t.
6
Let c(w) = -w**2 + 12*w - 4. Let r = -36 + 47. Suppose -r*f + 70 = -f. Calculate the remainder when c(10) is divided by f.
2
Let k = 3425 + -3412. Suppose 2*n + 308 = 6*n. Calculate the remainder when n is divided by k.
12
Let q(g) = -9*g**3 + 3*g**2 + 4*g + 2. Let c(t) = t**2 + t. Let p(r) = -2*c(r) + q(r). Calculate the remainder when 37 is divided by p(-1).
7
Suppose 27 = 83*w - 1468 - 82. What is the remainder when 1680 is divided by w?
8
Let j(x) = -x**3 - x**2 - 3*x - 4. Let c be j(-2). Let g be (-33)/(-44)*(-4)/c*86. Let a = -19 - g. What is the remainder when 117 is divided by a?
21
Let x = -225 + 398. Suppose -2*h = 5*j - 442, -5*h = -j - 0*h + 110. What is the remainder when x is divided by j?
83
Let n = -16248 - -16355. What is the remainder when 406 is divided by n?
85
Let d(o) = -8*o - 296. What is the remainder when 121 is divided by d(-42)?
1
Let j be (-6*(-10)/(-30))/((-2)/20). What is the remainder when 45 is divided by j/(-90) + (-836)/(-36)?
22
Suppose -2*r = -2*g - 534, 0 = 5*r - g - 1107 - 248. Suppose -20*h + r = -108. Calculate the remainder when h is divided by 15.
4
Let p = -12 - -42. Calculate the remainder when p is divided by (-2)/(-5)*27 - 1791/995.
3
Suppose -41 = -3*b + 4*z + 27, -2*b = 4*z - 12. Let n = 697 - 747. Calculate the remainder when b is divided by 13 - ((-90)/n)/(6/20).
2
Suppose 39*k - 111 = 2*k. Suppose 12 = -2*o - 2*o, k*a + 2*o = 213. Calculate the remainder when a is divided by 25.
23
Let s(v) = 70*v**3 + 8*v**2 + 17*v - 38. What is the remainder when s(2) is divided by 4?
0
Let j(f) be the third derivative of 11*f**4/8 - f**3/2 + 123*f**2 + 2. Calculate the remainder when 119 is divided by j(1).
29
Let d(h) = -6*h**3 + 138*h**2 + 8*h - 98. Calculate the remainder when 769 is divided by d(23).
81
Let t = 8027 - 7969. What is the remainder when t is divided by 58?
0
Suppose 5*r + 3110 = -2665. Suppose -45 = -4*z + 3*z. What is the remainder when z is divided by 12/(-21) + r/(-49)?
22
Let u(g) = -18*g + 1. Let c(f) = -f**3 + 2*f. Suppose 18*k = 22*k + 8. Calculate the remainder when u(-1) is divided by c(k).
3
Let s be 1416/21 + 8/14. Calculate the remainder when 54 is divided by s/10 - 26/(-130).
5
Let v = 488 - 479. Let d = 5 + 21. What is the remainder when d is divided by v?
8
Let b = 3764 - 3756. What is the remainder when 983 is divided by b?
7
Let h = 65 + -23. What is the remainder when 313 is divided by h?
19
Calculate the remainder when 8399 - 65/143*11 is divided by 34.
30
Suppose 199 = -9*u + 7129. Calculate the remainder when u is divided by 129.
125
Let u = -1219 - -1434. Calculate the remainder when u is divided by 107.
1
Suppose -1200 = -5*x + 24*w - 20*w, x - 4*w - 272 = 0. Suppose -89 = -2*o + 5. What is the remainder when x is divided by o?
44
Suppose 0 = -0*l - 2*l + 334. Suppose -4138*n = 4704 - 166086. Calculate the remainder when l is divided by n.
11
Let f be (12/(-102))/((-6)/102). Suppose -5*o - f*o + 504 = 0. What is the remainder when o is divided by 25?
22
Let b(f) = 17*f**2 + 102*f + 516. Calculate the remainder when b(-5) is divided by 55.
46
Let b = -8 + 41. Calculate the remainder when 5673 is divided by b.
30
Let v = 1111 - 1072. What is the remainder when 2025 is divided by v?
36
Suppose -22597 = -98*f - 12570 + 24175. Calculate the remainder when f is divided by 178.
171
Let p = 18 + 1. Let v = -71 - -298. What is the remainder when v is divided by p?
18
Suppose -1467 = 4*d - 167. Let p = -192 - d. Suppose -3*b + p - 1 = 0. Calculate the remainder when b is divided by 9.
8
Suppose s + 21 - 1 = 0. Let c be s - (-1)/(1/(-4)). Calculate the remainder when 51 is divided by ((-18)/(-4))/((-4)/c).
24
Let p = 283 - 278. Suppose -24 + 9 = -3*r. Suppose -r*j - 9 = -f - 43, 4*j + 5*f = 4. What is the remainder when j is divided by p?
1
Let g = -13880 + 16746. Calculate the remainder w